{"id":4888,"date":"2022-06-15T15:47:00","date_gmt":"2022-06-15T15:47:00","guid":{"rendered":"https:\/\/migrantesenigualdad.es\/?page_id=4888"},"modified":"2022-07-12T07:38:27","modified_gmt":"2022-07-12T07:38:27","slug":"clave-cine","status":"publish","type":"page","link":"https:\/\/migrantesenigualdad.es\/index.php\/clave-cine\/","title":{"rendered":"En clave de cine"},"content":{"rendered":"<p>[et_pb_section fb_built=\u00bb1&#8243; fullwidth=\u00bbon\u00bb _builder_version=\u00bb4.16&#8243; collapsed=\u00bboff\u00bb global_colors_info=\u00bb{}\u00bb][et_pb_fullwidth_header title=\u00bbEn clave de cine\u00bb subhead=\u00bbPel\u00edculas\u00bb _builder_version=\u00bb4.17.4&#8243; title_font=\u00bb|700|||||||\u00bb title_text_color=\u00bb#565656&#8243; title_font_size=\u00bb60px\u00bb content_font=\u00bbMontserrat||||||||\u00bb content_line_height=\u00bb2em\u00bb subhead_font=\u00bbMontserrat|700|||||||\u00bb subhead_text_color=\u00bb#F5EFDF\u00bb subhead_font_size=\u00bb32px\u00bb background_color=\u00bb#DABC4C\u00bb background_layout=\u00bblight\u00bb animation_style=\u00bbfade\u00bb global_colors_info=\u00bb{}\u00bb][\/et_pb_fullwidth_header][\/et_pb_section][et_pb_section fb_built=\u00bb1&#8243; admin_label=\u00bbBlog Section\u00bb _builder_version=\u00bb4.17.4&#8243; background_enable_color=\u00bboff\u00bb min_height=\u00bb826.8px\u00bb custom_margin=\u00bb0px||||false|false\u00bb custom_padding=\u00bb5px||70px|||\u00bb top_divider_style=\u00bbnone\u00bb top_divider_color=\u00bbrgba(204,224,51,0.64)\u00bb top_divider_height=\u00bb105px\u00bb animation_style=\u00bbfade\u00bb collapsed=\u00bboff\u00bb global_colors_info=\u00bb{}\u00bb][et_pb_row _builder_version=\u00bb4.17.4&#8243; _module_preset=\u00bbdefault\u00bb global_colors_info=\u00bb{}\u00bb][et_pb_column type=\u00bb4_4&#8243; _builder_version=\u00bb4.17.4&#8243; _module_preset=\u00bbdefault\u00bb global_colors_info=\u00bb{}\u00bb][et_pb_text _builder_version=\u00bb4.17.4&#8243; _module_preset=\u00bbdefault\u00bb text_font=\u00bb|700|||||||\u00bb text_font_size=\u00bb18px\u00bb text_orientation=\u00bbcenter\u00bb global_colors_info=\u00bb{}\u00bb]<\/p>\n<p>Desde sus inicios, el cine ha mantenido estrechos v\u00ednculos con la migraci\u00f3n. \u00a1 Los mismos pioneros del s\u00e9ptimo arte han sido\u00a0 migrantes! Su capacidad narrativa y su formato nos acercan historias de vida y dramas sociales a trav\u00e9s de informar, entretener, educar y crear nuevas narrativas.<\/p>\n<p>\u00abEn clave de cine\u00bb encontrar\u00e1s una selecci\u00f3n de recomendaciones y an\u00e1lisis de pel\u00edculas conmovedoras e inspiradoras.<\/p>\n<p>&nbsp;<\/p>\n<p>[\/et_pb_text][\/et_pb_column][\/et_pb_row][et_pb_row column_structure=\u00bb3_4,1_4&#8243; _builder_version=\u00bb4.16&#8243; global_colors_info=\u00bb{}\u00bb][et_pb_column type=\u00bb3_4&#8243; _builder_version=\u00bb4.16&#8243; global_colors_info=\u00bb{}\u00bb][et_pb_blog fullwidth=\u00bboff\u00bb posts_number=\u00bb8&#8243; include_categories=\u00bb109&#8243; meta_date=\u00bbj M y\u00bb excerpt_length=\u00bb100&#8243; show_author=\u00bboff\u00bb show_categories=\u00bboff\u00bb module_class=\u00bbblog_igualado\u00bb _builder_version=\u00bb4.17.4&#8243; global_colors_info=\u00bb{}\u00bb][\/et_pb_blog][\/et_pb_column][et_pb_column type=\u00bb1_4&#8243; _builder_version=\u00bb4.16&#8243; global_colors_info=\u00bb{}\u00bb][et_pb_sidebar _builder_version=\u00bb4.17.4&#8243; _module_preset=\u00bbdefault\u00bb global_colors_info=\u00bb{}\u00bb][\/et_pb_sidebar][\/et_pb_column][\/et_pb_row][et_pb_row _builder_version=\u00bb4.17.4&#8243; _module_preset=\u00bbdefault\u00bb global_module=\u00bb4882&#8243; saved_tabs=\u00bball\u00bb global_colors_info=\u00bb{}\u00bb][et_pb_column type=\u00bb4_4&#8243; _builder_version=\u00bb4.17.4&#8243; _module_preset=\u00bbdefault\u00bb global_colors_info=\u00bb{}\u00bb][et_pb_text _builder_version=\u00bb4.16&#8243; text_line_height=\u00bb2.4em\u00bb text_orientation=\u00bbcenter\u00bb inline_fonts=\u00bbAnnie Use Your Telescope,Fredericka the Great\u00bb global_colors_info=\u00bb{}\u00bb]<\/p>\n<h3><span style=\"font-size: xx-large;\"><strong><span style=\"font-family: 'Annie Use Your Telescope';\">Por un mundo donde seamos socialmente iguales, humanamente diferentes y totalmente libres.<\/span><\/strong><\/span><\/h3>\n<p><span style=\"font-family: 'Fredericka the Great'; font-weight: normal; font-size: x-large;\">Rosa Luxemburgo<\/span><\/p>\n<p>[\/et_pb_text][\/et_pb_column][\/et_pb_row][\/et_pb_section]<\/p>\n","protected":false},"excerpt":{"rendered":"<p>Desde sus inicios, el cine ha mantenido estrechos v\u00ednculos con la migraci\u00f3n. \u00a1 Los mismos pioneros del s\u00e9ptimo arte han sido\u00a0 migrantes! Su capacidad narrativa y su formato nos acercan historias de vida y dramas sociales a trav\u00e9s de informar, entretener, educar y crear nuevas narrativas. \u00abEn clave de cine\u00bb encontrar\u00e1s una selecci\u00f3n de recomendaciones [&hellip;]<\/p>\n","protected":false},"author":1,"featured_media":0,"parent":0,"menu_order":0,"comment_status":"closed","ping_status":"closed","template":"","meta":{"_et_pb_use_builder":"on","_et_pb_old_content":"","_et_gb_content_width":"","footnotes":""},"categories":[],"tags":[],"class_list":["post-4888","page","type-page","status-publish","hentry"],"jetpack_sharing_enabled":true,"post_mailing_queue_ids":[],"_links":{"self":[{"href":"https:\/\/migrantesenigualdad.es\/index.php\/wp-json\/wp\/v2\/pages\/4888","targetHints":{"allow":["GET"]}}],"collection":[{"href":"https:\/\/migrantesenigualdad.es\/index.php\/wp-json\/wp\/v2\/pages"}],"about":[{"href":"https:\/\/migrantesenigualdad.es\/index.php\/wp-json\/wp\/v2\/types\/page"}],"author":[{"embeddable":true,"href":"https:\/\/migrantesenigualdad.es\/index.php\/wp-json\/wp\/v2\/users\/1"}],"replies":[{"embeddable":true,"href":"https:\/\/migrantesenigualdad.es\/index.php\/wp-json\/wp\/v2\/comments?post=4888"}],"version-history":[{"count":0,"href":"https:\/\/migrantesenigualdad.es\/index.php\/wp-json\/wp\/v2\/pages\/4888\/revisions"}],"wp:attachment":[{"href":"https:\/\/migrantesenigualdad.es\/index.php\/wp-json\/wp\/v2\/media?parent=4888"}],"wp:term":[{"taxonomy":"category","embeddable":true,"href":"https:\/\/migrantesenigualdad.es\/index.php\/wp-json\/wp\/v2\/categories?post=4888"},{"taxonomy":"post_tag","embeddable":true,"href":"https:\/\/migrantesenigualdad.es\/index.php\/wp-json\/wp\/v2\/tags?post=4888"}],"curies":[{"name":"wp","href":"https:\/\/api.w.org\/{rel}","templated":true}]}}

<p>[et_pb_section fb_built=»1&#8243; fullwidth=»on» _builder_version=»4.16&#8243; collapsed=»off» global_colors_info=»{}»][et_pb_fullwidth_header title=»En clave de cine» subhead=»Películas» _builder_version=»4.17.4&#8243; title_font=»|700|||||||» title_text_color=»#565656&#8243; title_font_size=»60px» content_font=»Montserrat||||||||» content_line_height=»2em» subhead_font=»Montserrat|700|||||||» subhead_text_color=»#F5EFDF» subhead_font_size=»32px» background_color=»#DABC4C» background_layout=»light» animation_style=»fade» global_colors_info=»{}»][/et_pb_fullwidth_header][/et_pb_section][et_pb_section fb_built=»1&#8243; admin_label=»Blog Section» _builder_version=»4.17.4&#8243; background_enable_color=»off» min_height=»826.8px» custom_margin=»0px||||false|false» custom_padding=»5px||70px|||» top_divider_style=»none» top_divider_color=»rgba(204,224,51,0.64)» top_divider_height=»105px» animation_style=»fade» collapsed=»off» global_colors_info=»{}»][et_pb_row _builder_version=»4.17.4&#8243; _module_preset=»default» global_colors_info=»{}»][et_pb_column type=»4_4&#8243; _builder_version=»4.17.4&#8243; _module_preset=»default» global_colors_info=»{}»][et_pb_text _builder_version=»4.17.4&#8243; _module_preset=»default» text_font=»|700|||||||» text_font_size=»18px» text_orientation=»center» global_colors_info=»{}»]</p>
<p>Desde sus inicios, el cine ha mantenido estrechos vínculos con la migración. ¡ Los mismos pioneros del séptimo arte han sido  migrantes! Su capacidad narrativa y su formato nos acercan historias de vida y dramas sociales a través de informar, entretener, educar y crear nuevas narrativas.</p>
<p>«En clave de cine» encontrarás una selección de recomendaciones y análisis de películas conmovedoras e inspiradoras.</p>
<p>&nbsp;</p>
<p>[/et_pb_text][/et_pb_column][/et_pb_row][et_pb_row column_structure=»3_4,1_4&#8243; _builder_version=»4.16&#8243; global_colors_info=»{}»][et_pb_column type=»3_4&#8243; _builder_version=»4.16&#8243; global_colors_info=»{}»][et_pb_blog fullwidth=»off» posts_number=»8&#8243; include_categories=»109&#8243; meta_date=»j M y» excerpt_length=»100&#8243; show_author=»off» show_categories=»off» module_class=»blog_igualado» _builder_version=»4.17.4&#8243; global_colors_info=»{}»][/et_pb_blog][/et_pb_column][et_pb_column type=»1_4&#8243; _builder_version=»4.16&#8243; global_colors_info=»{}»][et_pb_sidebar _builder_version=»4.17.4&#8243; _module_preset=»default» global_colors_info=»{}»][/et_pb_sidebar][/et_pb_column][/et_pb_row][et_pb_row _builder_version=»4.17.4&#8243; _module_preset=»default» global_module=»4882&#8243; saved_tabs=»all» global_colors_info=»{}»][et_pb_column type=»4_4&#8243; _builder_version=»4.17.4&#8243; _module_preset=»default» global_colors_info=»{}»][et_pb_text _builder_version=»4.16&#8243; text_line_height=»2.4em» text_orientation=»center» inline_fonts=»Annie Use Your Telescope,Fredericka the Great» global_colors_info=»{}»]</p>
<h3><span style="font-size: xx-large;"><strong><span style="font-family: 'Annie Use Your Telescope';">Por un mundo donde seamos socialmente iguales, humanamente diferentes y totalmente libres.</span></strong></span></h3>
<p><span style="font-family: 'Fredericka the Great'; font-weight: normal; font-size: x-large;">Rosa Luxemburgo</span></p>
<p>[/et_pb_text][/et_pb_column][/et_pb_row][/et_pb_section]</p>

<p>Desde sus inicios, el cine ha mantenido estrechos vínculos con la migración. ¡ Los mismos pioneros del séptimo arte han sido  migrantes! Su capacidad narrativa y su formato nos acercan historias de vida y dramas sociales a través de informar, entretener, educar y crear nuevas narrativas. «En clave de cine» encontrarás una selección de recomendaciones [&hellip;]</p>
