{"id":1290,"date":"2021-05-10T11:25:47","date_gmt":"2021-05-10T11:25:47","guid":{"rendered":"https:\/\/migrantesenigualdad.es\/?page_id=1290"},"modified":"2021-05-10T11:26:02","modified_gmt":"2021-05-10T11:26:02","slug":"politica-de-privacidad","status":"publish","type":"page","link":"https:\/\/migrantesenigualdad.es\/index.php\/politica-de-privacidad\/","title":{"rendered":"Pol\u00edtica de privacidad"},"content":{"rendered":"\r\n<h2 class=\"wp-block-heading\">POL\u00cdTICA DE PROTECCI\u00d3N DE DATOS EN LA WEB<\/h2>\r\n<p>En esta Web, propiedad de Fundaci\u00f3n M\u00e1rgenes y V\u00ednculos aseguramos la total protecci\u00f3n de los datos de car\u00e1cter personal proporcionados por nuestros usuarios.<br \/>Fundaci\u00f3n M\u00e1rgenes y V\u00ednculos respetar\u00e1 en todo momento la confidencialidad de sus datos, seg\u00fan conformidad con el Reglamento 2016\/679 del Parlamento Europeo y del Consejo de 27 de abril de 2016, de Protecci\u00f3n de Datos de <br \/>Car\u00e1cter Personal y LOPD. En cualquier momento puede usted ejecutar sus derechos de oposici\u00f3n, acceso, rectificaci\u00f3n, cancelaci\u00f3n y oposici\u00f3n de su autorizaci\u00f3n sin efectos retroactivos en los t\u00e9rminos especificados en el Reglamento 2016\/679 del Parlamento Europeo y del Consejo de 27 de abril de 2016, de Protecci\u00f3n de Datos de Car\u00e1cter Personal y LOPD, conforme al procedimiento legalmente establecido. Estos derechos podr\u00e1n ser ejercidos dirigi\u00e9ndose por correo <br \/>electr\u00f3nico a fmyv@fmyv.org.<\/p>\r\n<h2>AVISO DE PROTECCI\u00d3N DE DATOS DE LA WEB PARA FORMULARIO<\/h2>\r\n<p>Los datos proporcionados se conservar\u00e1n mientras se mantenga la relaci\u00f3n o durante los a\u00f1os necesarios para cumplir con las obligaciones legales. Declaro as\u00ed mismo estar informado sobre los derechos de acceso, rectificaci\u00f3n, cancelaci\u00f3n y oposici\u00f3n que podr\u00e9 ejercitar en el domicilio social de Fundaci\u00f3n M\u00e1rgenes y V\u00ednculos en Calle Ancha 25, Los Barrios (C\u00e1diz) 1370.\u201dPara continuar, el usuario deber\u00e1 marcar una casilla indicando que ha le\u00eddo y aceptado las condiciones de protecci\u00f3n de datos de la empresa. Una vez marcada, podr\u00e1 procederse al env\u00edo de los datos a la empresa.<\/p>\r\n<h2>POL\u00cdTICA DE COOKIES<\/h2>\r\n<p>El sitio Web del prestador puede utilizar cookies (peque\u00f1os archivos de informaci\u00f3n que el servidor env\u00eda al ordenador de quien accede a la p\u00e1gina con la finalidad de registrar las actividades del usuario durante su tiempo de navegaci\u00f3n) para llevar a cabo determinadas funciones que son consideradas imprescindibles para el correcto funcionamiento y visualizaci\u00f3n del sitio.<\/p>\r\n","protected":false},"excerpt":{"rendered":"<p>POL\u00cdTICA DE PROTECCI\u00d3N DE DATOS EN LA WEB En esta Web, propiedad de Fundaci\u00f3n M\u00e1rgenes y V\u00ednculos aseguramos la total protecci\u00f3n de los datos de car\u00e1cter personal proporcionados por nuestros usuarios.Fundaci\u00f3n M\u00e1rgenes y V\u00ednculos respetar\u00e1 en todo momento la confidencialidad de sus datos, seg\u00fan conformidad con el Reglamento 2016\/679 del Parlamento Europeo y del Consejo [&hellip;]<\/p>\n","protected":false},"author":1,"featured_media":0,"parent":0,"menu_order":0,"comment_status":"closed","ping_status":"closed","template":"","meta":{"_et_pb_use_builder":"","_et_pb_old_content":"","_et_gb_content_width":"","footnotes":""},"categories":[],"tags":[],"class_list":["post-1290","page","type-page","status-publish","hentry"],"jetpack_sharing_enabled":true,"post_mailing_queue_ids":[],"_links":{"self":[{"href":"https:\/\/migrantesenigualdad.es\/index.php\/wp-json\/wp\/v2\/pages\/1290","targetHints":{"allow":["GET"]}}],"collection":[{"href":"https:\/\/migrantesenigualdad.es\/index.php\/wp-json\/wp\/v2\/pages"}],"about":[{"href":"https:\/\/migrantesenigualdad.es\/index.php\/wp-json\/wp\/v2\/types\/page"}],"author":[{"embeddable":true,"href":"https:\/\/migrantesenigualdad.es\/index.php\/wp-json\/wp\/v2\/users\/1"}],"replies":[{"embeddable":true,"href":"https:\/\/migrantesenigualdad.es\/index.php\/wp-json\/wp\/v2\/comments?post=1290"}],"version-history":[{"count":0,"href":"https:\/\/migrantesenigualdad.es\/index.php\/wp-json\/wp\/v2\/pages\/1290\/revisions"}],"wp:attachment":[{"href":"https:\/\/migrantesenigualdad.es\/index.php\/wp-json\/wp\/v2\/media?parent=1290"}],"wp:term":[{"taxonomy":"category","embeddable":true,"href":"https:\/\/migrantesenigualdad.es\/index.php\/wp-json\/wp\/v2\/categories?post=1290"},{"taxonomy":"post_tag","embeddable":true,"href":"https:\/\/migrantesenigualdad.es\/index.php\/wp-json\/wp\/v2\/tags?post=1290"}],"curies":[{"name":"wp","href":"https:\/\/api.w.org\/{rel}","templated":true}]}}

Política de privacidad

<h2 class="wp-block-heading">POLÍTICA DE PROTECCIÓN DE DATOS EN LA WEB</h2>
<p>En esta Web, propiedad de Fundación Márgenes y Vínculos aseguramos la total protección de los datos de carácter personal proporcionados por nuestros usuarios.<br />Fundación Márgenes y Vínculos respetará en todo momento la confidencialidad de sus datos, según conformidad con el Reglamento 2016/679 del Parlamento Europeo y del Consejo de 27 de abril de 2016, de Protección de Datos de <br />Carácter Personal y LOPD. En cualquier momento puede usted ejecutar sus derechos de oposición, acceso, rectificación, cancelación y oposición de su autorización sin efectos retroactivos en los términos especificados en el Reglamento 2016/679 del Parlamento Europeo y del Consejo de 27 de abril de 2016, de Protección de Datos de Carácter Personal y LOPD, conforme al procedimiento legalmente establecido. Estos derechos podrán ser ejercidos dirigiéndose por correo <br />electrónico a fmyv@fmyv.org.</p>
<h2>AVISO DE PROTECCIÓN DE DATOS DE LA WEB PARA FORMULARIO</h2>
<p>Los datos proporcionados se conservarán mientras se mantenga la relación o durante los años necesarios para cumplir con las obligaciones legales. Declaro así mismo estar informado sobre los derechos de acceso, rectificación, cancelación y oposición que podré ejercitar en el domicilio social de Fundación Márgenes y Vínculos en Calle Ancha 25, Los Barrios (Cádiz) 1370.”Para continuar, el usuario deberá marcar una casilla indicando que ha leído y aceptado las condiciones de protección de datos de la empresa. Una vez marcada, podrá procederse al envío de los datos a la empresa.</p>
<h2>POLÍTICA DE COOKIES</h2>
<p>El sitio Web del prestador puede utilizar cookies (pequeños archivos de información que el servidor envía al ordenador de quien accede a la página con la finalidad de registrar las actividades del usuario durante su tiempo de navegación) para llevar a cabo determinadas funciones que son consideradas imprescindibles para el correcto funcionamiento y visualización del sitio.</p>

<p>POLÍTICA DE PROTECCIÓN DE DATOS EN LA WEB En esta Web, propiedad de Fundación Márgenes y Vínculos aseguramos la total protección de los datos de carácter personal proporcionados por nuestros usuarios.Fundación Márgenes y Vínculos respetará en todo momento la confidencialidad de sus datos, según conformidad con el Reglamento 2016/679 del Parlamento Europeo y del Consejo [&hellip;]</p>
